2*y**2 - 15*y + 11. Suppose 26 = -4*i - 22. Is t(i) composite?
False
Let v be (54456/(-10))/((-4)/(-20)). Is (-1)/(6819/v - (-4)/16) prime?
True
Suppose 0 = 22*v - 10*v - 158748. Is v prime?
True
Let a = 1568 + -1475. Is a prime?
False
Let k(a) = a**3 + 5*a - 5. Let h = 1 + -13. Let n(q) = -q**2 - 13*q - 9. Let m be n(h). Is k(m) composite?
False
Let h(l) = -375*l + 10. Let a(p) = -188*p + 5. Let m(r) = 9*a(r) - 4*h(r). Is m(-3) composite?
True
Let v(a) = -a**3 + 7*a**2 + 3. Let h be v(7). Let u be -3 + (3/h - -2). Suppose u*w + 4*w = 76. Is w a prime number?
True
Let a be (92/6)/((-1)/(-3)). Suppose -a - 64 = -5*f. Suppose -4*z + 5*b + 141 = 0, z + 4*b = 8 + f. Is z a composite number?
True
Let v be (-24)/18 + (-16)/(-12). Suppose 4*u - u - 42 = v. Is u a composite number?
True
Let o(l) = 27*l**2 - 15*l + 19. Is o(13) a prime number?
False
Let q = 4 - 7. Is (1*-1)/((q/(-63))/(-1)) a prime number?
False
Let g be (-14)/(-8) - (-2)/8. Suppose -g*p + 10 = 0, k - p + 4 = -2. Is (2/(-3))/(k/51) a composite number?
True
Suppose 2*i = -12021 + 931. Is (-1)/((20/i)/4) a composite number?
False
Let q(i) = i**3 - 13*i**2 + 18*i - 6. Let y be q(12). Suppose r = -2*p + 33, -2*r + 4*r = 2*p + y. Is r a prime number?
False
Let r = -1 - 8. Let k(g) = g**2 + 14*g - 13. Let z(v) = -2*v**2 - 29*v + 26. Let p(x) = -7*k(x) - 3*z(x). Is p(r) composite?
False
Let m be (-3 - -13) + -2 + (-5 - -2). Suppose 10250 = 5*p - m*x, 2 - 1 = x. Is p prime?
False
Suppose -34*g + 28562 = -32*g. Is g composite?
False
Let c = -51226 - -77675. Is c a composite number?
False
Let x(w) = 9196*w**2 + 15*w + 16. Is x(-1) prime?
False
Let n(s) = -s**2 - 16*s + 20. Let o be n(-20). Is (o/(-18) + 4)/(2/291) prime?
False
Suppose 5*k - 67 = -2*c, 0*k + 89 = 4*c + k. Let i(v) = -v**3 + 33*v**2 + 71*v + 21. Let t be i(35). Let y = c + t. Is y composite?
True
Suppose 5*n - 5*q - 324 = 81, 4*q = 3*n - 246. Let c(u) = 4*u - 7. Let d be c(8). Suppose p + d = n. Is p prime?
True
Let z(v) = v**3 + 10*v**2 + 3*v + 13. Let t be z(-8). Let x = t + -35. Let a = x + -47. Is a a composite number?
True
Is (582/(-12))/(5/(-110)) prime?
False
Suppose -53646 = -36*g + 51726. Is g prime?
True
Let t(q) = -4*q**3 + 6*q**2 - 4*q - 49. Is t(-9) a prime number?
True
Let g(d) = -1703*d + 63. Is g(-10) composite?
False
Let q(b) = 5*b**3 - 13*b**2 + 7*b. Let j be q(5). Suppose -2*t + j = -f - 87, 4*t - 844 = 4*f. Is t a composite number?
False
Suppose 0 = -v + 2*v + 5*c - 4, 0 = v + 3*c - 4. Suppose -w + 4*w = g + 5278, 7037 = v*w - g. Is w composite?
False
Suppose -3*c + 2*o + 328880 - 21611 = 0, 4*o + 12 = 0. Is c a prime number?
False
Suppose 3*m + 2*u = -38 - 99, 4*u + 4 = 0. Is ((-3)/(-2))/(m/(-64590)) a prime number?
True
Suppose 4*q - 5*d = 3*q + 2962, -14706 = -5*q - d. Suppose 50*b - q = 48*b. Is b composite?
False
Let k(b) = -6*b - 19. Let f be k(-4). Suppose 0 = -6*y + f*y + 2149. Is y a composite number?
True
Is 8/(-16)*131056/(-4) composite?
True
Let s(x) = x**2 + x - 1. Let i(r) = -6*r**2 - 5*r - 253. Let j(y) = -i(y) - 5*s(y). Let m be j(0). Suppose -5*b - 3*k - k = -1354, 4*k - m = -b. Is b composite?
True
Suppose -4*p - 17037 = -31*p. Is p prime?
True
Suppose 42*n - 28*n - 5194 = 0. Is n composite?
True
Let z be -1 + 2/(-2) + 3. Let d be 1 - (z - -104)/(-3). Suppose -1 = -t + d. Is t composite?
False
Let w = 5 + 2. Let r(m) = 3*m + 24 - 2 - w*m + m**2. Is r(-9) a prime number?
True
Suppose 54*i + 76779 = 63*i. Is i a composite number?
True
Suppose -5*q + 100361 = r - 37698, q = 4*r + 27595. Is q a prime number?
True
Let g(c) = 13*c**2 + 11*c - 9. Let z be (-174)/(-21) - 6/21. Is g(z) a prime number?
True
Let g = 14 - 14. Let n = 4 + g. Suppose -n*f + 9*f = 230. Is f prime?
False
Let t(s) = 3*s**2 - 10*s - 9. Let v be t(-8). Suppose -b - v = -1418. Suppose 1088 = 5*n - y, 5*n - b = 2*y - 69. Is n prime?
False
Suppose -2*f = -4*f. Suppose f = -0*c - c + 425. Suppose -6*z = -z - c. Is z prime?
False
Suppose -6750 - 6045 = -5*p. Is p prime?
False
Is 2371/(-7 + 14 - 6) composite?
False
Let d(r) = -r**2 + 24*r - 10. Suppose -76 = -3*n - n. Is d(n) prime?
False
Suppose 8*f - 3*o = 6*f + 43, -20 = 4*o. Is ((10 - 3)/f)/((-2)/(-764)) a composite number?
False
Suppose 22*b = 7*b + 91965. Is b a composite number?
False
Let w be (-1 - 0)/(4/60). Is 1/(-3) + (-110)/w prime?
True
Is (-227469)/(-9) + 182/21 + -9 composite?
True
Let i(u) = u**3 + 2*u**2 - 6*u + 3. Let x be i(-5). Is (-6 + 3 - x)/(9/15) a prime number?
False
Let f(v) = v**3 - 6*v**2 + 2*v - 1. Let d be f(6). Let b(r) = 21 - r**2 + 4*r**2 - 7 + 1 - 13*r. Is b(d) composite?
True
Suppose -3*o - 6 + 0 = 0, 358 = 4*c - 3*o. Let n = 19 + c. Is (1 - -2*n) + 2 prime?
False
Let g = 849 + 14. Is g a prime number?
True
Suppose 4*u = 2*t + 6 + 10, -1 = u + 2*t. Suppose 29 = 3*l - 5*w, -9 = -2*l + 3*l + u*w. Suppose 77 + 16 = l*b. Is b prime?
True
Let w be 95/35 - (-2)/7. Let g(o) = -o**2 + 4*o - 3. Let n be g(w). Suppose n = 4*m + 12, -413 = -5*x - 3*m - m. Is x a composite number?
True
Let l be (-12)/36 - (-20)/6. Suppose -10 = -8*q + l*q. Suppose 0 = q*f - 70 - 6. Is f composite?
True
Suppose 4*f + 136 = -5*n, 5*f + 7 = -13. Let p be (n/20)/(4/10). Is 19/(1/p*-3) a composite number?
False
Suppose -4*r - 9 + 1 = -4*m, 0 = -3*m - r + 14. Suppose 2*c - 6*n + 6 = -n, -3*n - 22 = 2*c. Is (-110)/c + m/16 composite?
True
Let x = 12 + -11. Suppose 0 = -w + 2 + x. Is (7 - 10)*(-481)/w prime?
False
Let n be 0/(2 - (-4 + 8)). Suppose n = -3*l + 5 + 4. Let u(w) = 9*w**2 + w - 5. Is u(l) composite?
False
Let t = -17 - -20. Let i(o) = o - 7 + 4*o + 3*o - 5*o + 3*o**2 + 6*o**t. Is i(3) prime?
True
Let t = -41852 + 70171. Is t a composite number?
False
Let h(k) be the second derivative of -55*k**3/2 + k**2/2 - 9*k. Let y be h(-3). Suppose -4*a + y = -s - 3*s, -2*s + 347 = 3*a. Is a prime?
False
Let w(f) = 12*f**2 - 5*f - 69. Is w(-10) prime?
True
Let g = -39837 - -56020. Is g a prime number?
True
Let t be 0/((21/(-6))/(-7)*2). Suppose -5*p - 5*k = -1890, -5*p + k + 2*k + 1882 = t. Is p a prime number?
False
Let r(v) = -117*v**3 + v**2 + v - 1. Let p be r(1). Let q = p - -340. Suppose q - 70 = 2*d. Is d prime?
False
Suppose -v - q + 313 = -40, 1413 = 4*v + 3*q. Suppose v = m + o, -336 = -m + 3*o + 22. Is m a composite number?
True
Let l = -20 - -14. Let t(v) = -7*v**3 + 8*v**2 + 14*v + 15. Is t(l) a composite number?
True
Let f(b) = 6*b - 6. Let g be f(4). Let d(q) = -q**2 + 19*q - 18. Let k be d(g). Suppose -2*r - 271 = -5*y - r, y - r - 51 = k. Is y composite?
True
Is (-42276)/(-30) - 13/65 a prime number?
True
Suppose -b = -2*k + 17271, -b = -0 + 5. Is k a prime number?
False
Suppose 3*t = 12, t + 2*t = -f - 9. Let z = -18 - f. Is z prime?
True
Let w = 10 + -25. Let x be (w/(-9))/((-1)/(-27)). Suppose -x - 54 = -3*a. Is a a composite number?
True
Is (77601/(-2))/(2 - 70/20) prime?
True
Suppose 47404 = -7*d + 11*d. Is d a composite number?
True
Let i(n) = 2*n. Let o(u) = u - 4. Let t be o(5). Let d be i(t). Suppose 2*h + 386 = 2*q, -5*q + d*h = h - 957. Is q prime?
True
Let b(i) = -i + 8. Let d be b(7). Let j be 1 - (d - -1 - -58). Let t = j - -165. Is t composite?
True
Let x(b) = -556*b**3 + 2*b**2 - b - 2. Suppose -l + 5 = 3. Suppose -5*q - s - 1 = 0, q + 0*s - 7 = -l*s. Is x(q) a composite number?
False
Let s(o) = 9*o**2 + 3*o - 3. Let j be s(1). Let g = j - -310. Is g a prime number?
False
Suppose -3*j = -2*u + 7*u + 75, -3 = -u + 3*j. Is 80 - (u/54 - 11/(-9)) composite?
False
Let l(v) = -v**3 - 11*v**2 - 3*v + 4. Let o be l(-11). Let b = o + -10. Let x = 184 + b. Is x composite?
False
Let m(c) = -658*c**3 + c**2 - 5*c - 7. Is m(-3) a composite number?
False
Suppose 0 = -5*j + 112 + 148. Let d = 30 + 7. Let z = j - d. Is z a prime number?
False
Let d(i) = 2887*i**2 - 50*i - 99. Is d(-2) a prime number?
True
Let o(h) = -h**3 - 6*h**2 - 11*h - 3. Let b be o(-3). Suppose 2*c - 939 = -b*c + 4*x, 2*c + 3*x = 371. Is c composite?
True
Let c = -4 - 14. Let t = c - -20. Suppose -1102 = -0*s - t*s. Is s a prime number?
False
Suppose -30494 - 4519 = -3*v. Is v composite?
True
Let v(a) = 2*a - 2. Let x be v(-8). Let y be x/(-12)*172/3. Is (-3)/6 + y/4 a composite number?
True
Let k(w) = -w**2 + 11*w - 7. Let f be k(10). Suppose -f*m = -m - 18. Is (-264 + -3)*(-3)/m a composite 